et g = -5 - -68. Suppose -56*y + g*y = 84. What is the remainder when j is divided by y?
11
Suppose -7*l + 2890 = 3*l. Let b = l + -280. What is the remainder when 61 is divided by b?
7
Let z(w) = 19*w**2 - 86 + 110 + 10*w - 17*w**2. Calculate the remainder when 40 is divided by z(-4).
8
Suppose 0 = -3*c - 2*m - 363, 0*m + m - 495 = 4*c. Let s = -111 - c. Calculate the remainder when 82 is divided by s.
10
Suppose 0 = 940*m - 934*m - 192. What is the remainder when 2621 is divided by m?
29
Let d(t) = 203*t**2 - 83*t - 77. What is the remainder when d(4) is divided by 29?
26
Suppose 0 = 6*j - 26*j + 180. What is the remainder when 216 is divided by (-3)/j - 44/(-6)?
6
Let j(w) = -w**3 - 13*w**2 - 20*w - 59. Let y be j(-10). Let c = 267 + y. Let o(n) = 5*n - 2. Calculate the remainder when c is divided by o(6).
24
Suppose 14716 + 123812 = 78*r. What is the remainder when r is divided by 255?
246
Let m be 2/3 - (244/(-12))/1. Calculate the remainder when 2 + 600/m + (-6)/(-14) is divided by 18.
13
Suppose -5*l = 3*n - 24, 2*n = -3*l + 8 + 6. Suppose 5*x + l*x - 1485 = 0. Let w = -94 + x. What is the remainder when w is divided by 11?
8
Suppose 6732 = 14*a - 4090. Calculate the remainder when a is divided by 192.
5
Suppose -17*i + 13*i = 3*h - 1311, 4*h - 1723 = 3*i. Suppose -h = -2*x + 3*q, -4 = 3*q + 11. Calculate the remainder when x is divided by 4/(4/39) - -3.
41
Let p(n) = -13*n + 750. What is the remainder when p(0) is divided by 190?
180
Suppose 20 = -4*m, -22*t + 21 = -25*t - 3*m. What is the remainder when (1392/108)/(t/(-9)) is divided by 20?
18
Let x = -149 - -1016. Let s = -797 + x. Calculate the remainder when 75 is divided by s.
5
Let j(v) = -563*v + 5785. What is the remainder when 792 is divided by j(10)?
17
Let f(y) be the third derivative of -y**5/60 - 47*y**4/24 + 83*y**3/3 + 10*y**2 - 6*y. What is the remainder when f(-26) is divided by 42?
40
Let s = -5989 - -6326. Calculate the remainder when s is divided by 107.
16
Calculate the remainder when 155 is divided by (14/(-4) - (-58)/(-116))*-4.
11
Suppose 15*j = 54*j - 4290. Let b = 34 - 18. Calculate the remainder when j is divided by b.
14
Suppose 4*y - 4*r - 56 = 0, 0 = -252*y + 255*y - 5*r - 58. Calculate the remainder when 9350 is divided by y.
2
Let f = -3420 - -3436. Calculate the remainder when 794 is divided by f.
10
Suppose 3*j + g - 1224 - 1576 = 0, g + 940 = j. Suppose -3*n = -14*n + j. What is the remainder when n is divided by 25?
10
Let t(m) = -m**3 - m**2 - 2. Let v be t(2). Let f be (3 - 4)*7/(v/20). Suppose j - f - 23 = 0. Calculate the remainder when j is divided by 17.
16
Suppose -52*h + 193550 + 165436 = 89*h. What is the remainder when h is divided by 35?
26
Suppose -3*t - 7 = -2*z, 0 = -2*t - 2*z - 2*z + 22. Let c(w) = -32938*w + 296684. Calculate the remainder when c(9) is divided by 62 - 1*(t + 0).
59
Let m = 2718 - 2522. What is the remainder when m is divided by 90?
16
Let p(r) = r**3 + 25*r**2 - 154*r + 47. Calculate the remainder when p(-27) is divided by 41.
0
Let q = 551 - 482. Suppose -t - 52 = -q. Suppose 0 = 2*h - 5*c - 35, -h + c = -6*h + 155. What is the remainder when h is divided by t?
13
Calculate the remainder when 526 is divided by (57/(-1254))/(6/(-33)) + 135/4.
16
Suppose -5 = -5*x - l, 5*x - 15 = -0*l + l. Suppose -3*m = -4*p - 17, -3*m + m - 4*p = x. What is the remainder when (-18)/99*(-20 - 2) is divided by m?
1
Suppose 25*h = 1395 + 530. Calculate the remainder when h is divided by (-27)/(-9) + 1*7.
7
Let b be (44/12*-1)/((-5)/495). Suppose b = w - 0*w + 3*a, -1418 = -4*w + 5*a. What is the remainder when w is divided by 40?
37
Suppose 614 = 34*y - 46034. Calculate the remainder when y is divided by 150.
22
Suppose 0*g - 3*g = -5*n - 2005, 4*g - 802 = 2*n. Let a = n + 426. Calculate the remainder when 75 is divided by a.
0
Calculate the remainder when 10 + (-3 - -6) - (-395 + -2422) is divided by 218.
214
What is the remainder when 4500 is divided by 5/3*14/14 + 232/3?
76
Let a(r) = 8*r**2 + 415*r - 19. Let y(d) = -33*d - 5. What is the remainder when y(-7) is divided by a(-52)?
28
Let f(j) = 173*j - 4417. Calculate the remainder when f(61) is divided by 66.
64
Let w = 69 - 28. Suppose 0 = -48*m + 41*m + 231. Suppose w*r = m*r + 216. Calculate the remainder when 134 is divided by r.
26
Suppose 3*u + 0*y = -2*y, -u - 4*y = 10. Let s(n) = 9*n**3 - n**2 + n - 1. Let q be s(u). Let v = 83 - q. What is the remainder when 39 is divided by v?
11
Suppose -35*b + 34*b + 5 = 0. Calculate the remainder when 6 - (64/(-4) + b) is divided by 2.
1
Let z = 30759 + -30661. Calculate the remainder when 1448 is divided by z.
76
Let x = -55 + 39. Let h = -27 + 40. What is the remainder when (126/(-28))/(2/x) is divided by h?
10
Suppose -5*f = c - 30, 4*f + 238 = 5*c + 88. Let q = -87801 + 87914. What is the remainder when q is divided by c?
23
Let z(r) = 104*r + 3857. What is the remainder when 1052 is divided by z(-37)?
8
Let w(j) = 17 + j**2 + 5*j**3 + j - 2*j**3 - 4*j**3 - 4. What is the remainder when 74 is divided by w(0)?
9
Suppose -a = -v - 5, 2*a - 8 = v + 1. Suppose -2*q - a*q - 210 = 0. Let h = 99 + q. What is the remainder when h is divided by 33?
31
Let l be (-16 - 2)*(2 + -5). Suppose -l = -13*o + 4*o. Let z = o + 151. Calculate the remainder when z is divided by 54.
49
Let g(w) = w**2 - 49*w + 643. What is the remainder when 2796 is divided by g(13)?
171
Suppose 5*b = 3*o + 278, -289*b - 53 = -290*b - 2*o. Calculate the remainder when 260 is divided by b.
40
Let v = -549 + 568. Suppose -6*x + 7*x = y + 586, 0 = -5*x - 3*y + 2938. Calculate the remainder when x is divided by v.
17
Suppose m - 539*b + 542*b = 15, 0 = 2*m + 2*b - 38. What is the remainder when 227 is divided by m?
17
Let v be (33 - 32) + (3 - (-1 + -1)). Suppose -b + 1467 = 3*w, 10*b = v*b + 12. Calculate the remainder when w is divided by 82.
78
Suppose 4*u - 204 = x, 2*x + 388 = -u - u. Suppose -q + 12 + 7 = r, -2*r - 123 = -5*q. Calculate the remainder when q is divided by 28*7/(x/(-8)).
7
Suppose -3*u = 5*f + 11, 2*u + f + 0 = 2. Let a be 0 - u - -98 - (-1 - -4). Suppose 0 = 3*n - 7*n + a. Calculate the remainder when 44 is divided by n.
21
Let i = 558 - 548. Suppose 0 = 2*f + 98 - 412. Calculate the remainder when f is divided by i.
7
Suppose 4*t = 13*t - 36. Suppose -17*p = -t*p - 1833. What is the remainder when p is divided by 12?
9
Let u be -14*(-1)/6 + 2/3. Suppose u*v + l = -0*v + 101, 25 = v - 4*l. Calculate the remainder when v is divided by 9.
6
Let f(r) = r**3 + 9*r**2 - 13*r - 7. Let t be (176/20)/(6/30). Let k = t - -93. Calculate the remainder when k is divided by f(-10).
22
Let v = -8780 + 8794. Suppose 0 = -5*y + 3*y, -2*y = 5*t - 340. What is the remainder when t is divided by v?
12
Suppose -33 - 195 = -4*m. Let g = -28529 - -28542. What is the remainder when m is divided by g?
5
Let x(c) = -409*c - 10558. Calculate the remainder when x(-27) is divided by 48.
5
Let g be 120/100 + (-12)/10. Suppose g*o = -15*o + 6540. Calculate the remainder when o is divided by 23.
22
Suppose 2*b + 3*b - 15 = 0. Suppose 4*d = -k - b*k + 28, -k = 4*d - 43. What is the remainder when (5*(-7)/(-5) + -13)*(-938)/84 is divided by d?
7
Suppose 2*a = -0*a + 4*h + 122, h = -2. Calculate the remainder when 14 - (((-16)/(-2) - 12) + -261) is divided by a.
51
Suppose -7*q = -12 + 12. Suppose q = 46*t - 47*t + 28. What is the remainder when t is divided by 5?
3
Suppose 0 = -3*r - 4*q + 2774, 5*r - 6*r + q = -934. Calculate the remainder when r is divided by 918.
12
Let r(f) = f**2 - 6*f + 93. Calculate the remainder when r(15) is divided by (-1)/(2 + (-236)/116).
25
Let h be (26/(-10) + 2)*-5 + 2. Let c(d) = -d**3 + 6*d**2 + 7*d - 2. What is the remainder when c(h) is divided by 10?
8
Let f = 35 + -31. Suppose f*n = n + 12. Suppose k = -n*k + 145. What is the remainder when k is divided by 16?
13
Suppose 4*p - 28 = 2*p - 3*a, 0 = 3*a + 18. Calculate the remainder when 9335 is divided by p.
20
Let g(c) = 19 + 8*c**2 + 12*c - c**2 - 6*c**2. Let l be g(-10). Calculate the remainder when 3*l - (9 - 142) is divided by 33.
31
Let p = 78 + -73. Let b(r) = r + 2. Let o be b(-2). Suppose o = n - 3 - 4. What is the remainder when n is divided by p?
2
Let h be ((54/(-24))/(-3))/(3/8). Su